 0 = -4*g - 5*b - 7, -3*g + b - 32 = -3. What is p(g)?
39
Let o(u) = -4*u**2 + 0*u**2 + 4*u + 0*u**2 + 2*u**2 + 5*u**2 - 3. Give o(1).
4
Let i(p) = -p**2 - 7*p + 7. Suppose 0 = -4*r + 17 - 69. Let f be 80/r + 5 + (-126)/26. Give i(f).
13
Let w(k) = -5*k**3 - 2*k - 7. Let d(p) = 4*p**3 + 2*p + 6. Let f(n) = -6*d(n) - 5*w(n). What is f(2)?
3
Let u be ((7 + -7)*1)/(-1). Let o(v) be the third derivative of u*v + 1/12*v**4 + 0*v**3 + 1/120*v**6 - 1/20*v**5 + 0 + 4*v**2. Give o(2).
0
Let q(h) = -9 + 18 + 3*h + 20 - 4*h - 1. Give q(17).
11
Let q(h) be the third derivative of 0*h + 0 + h**2 + 1/24*h**4 - 2/3*h**3. Let p be -1 - 3/((-6)/(-4)). Determine q(p).
-7
Let w(j) = -1143 - 13*j + 3*j + 1144. Give w(-1).
11
Let u(z) = z**3 - z**2 + 1. Let x(v) = 9*v**3 - v**2 + 4*v + 8. Let q = 14 - 13. Let k(j) = q*x(j) - 5*u(j). Determine k(-2).
-21
Let b(w) = -5 - 8 - w**2 + 2*w**2. Let q be (4 - 13/3)/((-1)/18). Let v(k) = 1. Let l(d) = q*v(d) + b(d). Determine l(0).
-7
Let f(v) = v**3 - 4*v**2 - 3*v + 3. Let b = 638 + -634. Give f(b).
-9
Let y(k) be the third derivative of -k**6/120 - k**5/12 - k**4/12 - k**3/6 + 595*k**2. Give y(-5).
9
Let w(u) be the second derivative of -5*u**4/12 - 23*u**3/6 - 23*u**2/2 - 9*u. Let b(j) = 2*j**2 + 8*j + 8. Let q(s) = 8*b(s) + 3*w(s). What is q(5)?
-5
Let u(s) = -68*s - 21. Let x(p) = -45*p - 15. Let q(k) = -5*u(k) + 7*x(k). Give q(-1).
-25
Let g(o) = 4*o**2 + 16203*o - 4*o**2 - 16201*o - o**2. Let r = 10 + -6. Suppose 3*l + l - r = 0. Determine g(l).
1
Suppose 0*c - 3*c + 6 = 0. Suppose -3*d + 5 = c*d. Let z(v) = -198 - v - 197 + 396 + v - 5*v**2. Determine z(d).
-4
Let j = -13 - -13. Suppose 4*g + 22 = -5*v, 0 = -g - j*g + 2. Let x be 4/v - 16/(-6). Let w(u) = u**3 - 2*u**2 - 2*u + 1. Determine w(x).
-3
Let c(z) = 4 + z - 4 + 2*z**2. Let f = -2856 - -2858. Determine c(f).
10
Let i(m) = -m**3 + 5*m**2 + 6. Suppose -8 - 1 = -3*d. Let r be -1 - (-3 + d + -2). Suppose k + 3*v = 17, k + v = 2*k - r. What is i(k)?
6
Let i = -623 - -633. Let y(z) = -2*z + 5. Determine y(i).
-15
Let n(a) = -a**3 + 6*a**2 - 2*a + 7. Let s be -1 + (-26)/(1 + -3). Let w be 0/(-3*4/s). Suppose 0*r = -5*r - 3*h + 18, 5*r - 2*h - 38 = w. Give n(r).
-5
Let s(u) = u**3 - 1. Suppose 0 = -5*h - 28 - 37. Let j = 15 + h. Calculate s(j).
7
Let w(u) be the second derivative of -1/20*u**5 - 11/2*u**2 - 3/2*u**3 - 33*u - 3/4*u**4 + 0. What is w(-8)?
-3
Let q(l) = 6*l**2 - 6*l + 2. Let t(n) = -5*n**2 + 5*n - 2. Let o(h) = 4*q(h) + 5*t(h). Let j(k) = -11*k + 51. Let y be j(5). Calculate o(y).
-22
Let o = -197 + 195. Let r(y) = y**3 + 1. Determine r(o).
-7
Let q(i) = -i**3 + 4*i**2 - 2. Suppose -s = -2 + 1. Suppose 5*l + 3*z = -27 + 8, 0 = 4*l + 5*z + 10. Let r be (-6)/(3 + l)*s. Calculate q(r).
7
Let q(i) = -i**3 - 3*i**2 - 3*i - 2. Let d(j) = -45*j + 7*j**2 + 1 + 52*j + 4 + j**3. Let z(g) = 3*d(g) + 7*q(g). Calculate z(-1).
5
Suppose d + 12 - 18 = 0. Let x = -7 + 0. Let y(i) = -2*i - 7. Let m(z) = -2*z - 6. Let l(v) = d*y(v) + x*m(v). What is l(5)?
10
Let y(x) = -31*x**3 + 30*x**3 - x + 5*x**2 - 12*x**2 + 10*x**2. What is y(3)?
-3
Let o(z) = 5*z + 4. Suppose 5*v = 2*v + 4*p - 8, -v + 4*p - 8 = 0. Let b be 1*(v + -1 - 4). Determine o(b).
-21
Suppose 5*t = -2*j + 34, t - 3*j + 2 = j. Let d(z) = 29 + 18*z - 23 + 4*z**2 - 14*z - 5*z**2. Calculate d(t).
-6
Suppose 2*m - 16 - 19 = 5*s, 5 = m. Let f(d) = 2*d - 1 - 4*d**2 + 5*d**2 + 4 + 0*d**2. What is f(s)?
18
Let k(p) = -p**3 + 5*p**2 + 4*p - 10. Let v be k(5). Let z(l) = -2*l + 4. Give z(v).
-16
Let b(n) = -16*n**2 - 5*n - 14. Suppose -2*w + 5 = 3*w. Let p = w + -12. Let m(r) = -5*r**2 - 2*r - 5. Let c(s) = p*m(s) + 4*b(s). Give c(1).
-8
Let b(i) = -120*i + 56*i + 56*i + 3 + i**2. Give b(7).
-4
Suppose 49*g - 292 = -24*g. Let q(c) be the second derivative of c**3 + 9*c - 1/2*c**2 + 0 - 1/12*c**g. Calculate q(4).
7
Let g be 1 - 8 - 2/2. Let u(s) be the second derivative of -s**4/24 - 4*s**3/3 - 11*s**2/2 + 7*s. Let c(v) be the first derivative of u(v). Determine c(g).
0
Let h(j) = 2*j**3 + 26*j**2 + 53*j + 91. Let z be h(-11). Let l(r) = r + 2. What is l(z)?
-6
Let h(r) = 7*r - 6*r**2 - r**3 + 10*r**2 - 8*r**2. Let b be 4/14 - 486/(-14). Suppose -2*z + 7*x - 3*x = 30, -3*z = -4*x + b. What is h(z)?
-10
Let m(g) be the second derivative of 0 - 1/2*g**2 - 1/4*g**4 + 34*g + 1/3*g**3. What is m(1)?
-2
Let w(m) = m**2 - 9. Let i be w(-3). Suppose 4*d + 2*d = i. Let k(z) = z**2 + z - 3. Give k(d).
-3
Let m(n) be the second derivative of 3/2*n**2 + 0 + 7*n + 2/3*n**3 + 1/12*n**4. What is m(-4)?
3
Let x(o) = -2*o**2 + 5*o + 3. Let g = -197 + 201. Determine x(g).
-9
Let l(m) be the first derivative of -m**4/2 + 13*m**3 + 19*m**2/2 + 12*m + 37. Let y be l(20). Let h(d) = d - 3. Give h(y).
-11
Let b(i) = -i**2 - 9*i - 6. Suppose -4*s - 8 = 2*t, 3*s + 22 = -5*t - 12. Let f be b(t). Let g(k) = 0 - k**2 + 2 - f - 1 + 4*k. Determine g(6).
-13
Let j(c) = c**2 + 8*c + 4. Let k(t) = -t**2 + t + 6. Let m be (-6)/(-3 + 0 - (-9)/6). Let g be k(m). Determine j(g).
-8
Let k(h) = h + 6. Let l be (-60)/6 + 26 - 3. Give k(l).
19
Suppose 77*b = -84*b + 966. Let f(h) be the third derivative of -h**4/24 - h**3/3 + h**2. Give f(b).
-8
Let z be ((-185)/10 - -15)/(2/(-4)). Let b(r) = -r**2 + 10*r - 22. Calculate b(z).
-1
Let a(o) = -9 - 175*o + 178*o + 14. Let b(n) = n**2 + 4*n. Let y be b(-3). What is a(y)?
-4
Let a(t) be the third derivative of 4*t**2 + 2/3*t**3 + 1/180*t**6 - 1/40*t**5 + 0 + 0*t - 1/12*t**4. Let o(y) be the first derivative of a(y). Determine o(3).
7
Let t = 6 + -4. Suppose x - t*g = 8, x = -0*x + 3*g + 13. Let p(o) = 2*o - 874 + 291 + o**3 + 290 + 296 + o**2. Give p(x).
-5
Let u be ((-20)/8)/(0 - (-1)/(-34)). Let j(x) = x**2 - 48*x - 42*x + u*x. What is j(7)?
14
Suppose 2*q + 3*q + 5 = 0. Let n(w) be the third derivative of 0*w + 1/20*w**5 + 0 + 11*w**2 + 0*w**4 + 0*w**3. Calculate n(q).
3
Let f(i) = -i**3 + 2*i - 3*i + 2*i - 1. Let r(z) = 2*z + 5. Let q(p) = p + 2. Let x(c) = -5*q(c) + 3*r(c). Let a be x(-7). Calculate f(a).
5
Let o(c) be the first derivative of c**4/4 - c**2/2 + 4*c + 83. Determine o(0).
4
Let l = -284 + 290. Let m(c) = -4*c + 26. Determine m(l).
2
Let l(a) = 2*a**2 - a - 7. Let o be -3*(168/(-18))/(-14). Calculate l(o).
3
Let q be 7*-2 - (-33 - -29). Let x(t) = t**2 + 12*t - 14. What is x(q)?
-34
Let y(g) be the third derivative of -g**5/30 + g**4/8 - 2*g**3/3 - g**2 - 349*g. What is y(4)?
-24
Let r(g) = g**3 + 5*g**2 + 3*g + 5. Let q be r(-4). Let x(j) = -5*j**3 + 5*j**2 - j - 2. Let h(n) = n**3 + n**2 - 1. Let z(v) = -4*h(v) - x(v). Calculate z(q).
15
Let h(b) = -10*b**2 - 5*b - 13. Let c(q) = 18*q**2 + 9*q + 24. Let l(x) = -6*c(x) - 11*h(x). Determine l(1).
2
Let h(y) = 6*y**2 + 0*y**3 + 10*y - 4 - y**3 - 13*y. Let q(s) = -5*s. Let u be q(-1). What is h(u)?
6
Let c(a) be the third derivative of a**4/24 - 3*a**3/2 - 66*a**2 + 3*a. Determine c(-12).
-21
Let k = 7 - 13. Let u(a) = -2 + 6*a**2 - 2*a + 6*a**3 - 7*a**3 + 2*a**3 - 5. Give u(k).
5
Let b(i) be the first derivative of i**4/6 - i**2/2 + 5*i + 21. Let k(q) be the first derivative of b(q). Give k(3).
17
Let g(p) = -2*p + 1. Let h be 4*(5/(-2) + 3). Suppose z = -y - 3, 5 = h*z - 3*z + y. Give g(z).
9
Suppose -1 = -i - 4*s, 3*i - 101 = -3*s - 107. Let r(g) = 5*g - 5. Determine r(i).
-20
Let a(s) be the first derivative of -s**3/3 + 7*s**2/2 + 10*s - 18. Let h(q) = -q**2 + 6*q + 9. Let i(k) = 5*a(k) - 6*h(k). Give i(-3).
8
Let l(a) be the third derivative of -1/24*a**4 + 0*a + 5/6*a**3 - 8*a**2 + 0. Determine l(0).
5
Let q(r) = -18*r - 8*r**2 + 48*r - 3 - 10*r - r**3 - 15*r - 11*r. What is q(-7)?
-10
Let y be (6 - 10)*-1 - 14/7. Let a(j) be the first derivative of 1/3*j**3 - 3 + 3*j - y*j**2 - 1/4*j**4. Calculate a(2).
-9
Let s(d) be the second derivative of 7*d**4/12 + d**3/3 + d**2/2 - d. Suppose -17*p - 20 = -22*p. Suppose p*a - 5 = -3*u, 2*u - 2*a = -u - 7. Give s(u).
6
Let g be 3/(-3)*4*-1. Suppose 2*n = -g*r - n - 11, -5*r - 3*n - 13 = 0. Let s(a) = 10*a + 7. Let u(o) = -21*o - 15. Let y(w) = 9*s(w) + 4*u(w). Determine y(r).
-9
Let n = 3 + 1. Suppose 3*s + 3 = n*s. Let t(m) = m**3 - 4*m**2 + 2*m + 4. Give t(s).
1
Suppose 18 - 88 = -10*o. Let w(g) = g**2 - 4*g - 24. Give w(o).
-3
Let u(s) be the third derivative of s**6/120 + s**5/30 - 5*s**4/2